{"id":553,"date":"2025-06-20T10:02:10","date_gmt":"2025-06-20T10:02:10","guid":{"rendered":"https:\/\/dspcollective.cz\/?post_type=experience&#038;p=553"},"modified":"2025-09-16T12:59:06","modified_gmt":"2025-09-16T12:59:06","slug":"sephora-grand-opening-sephora-flagship-na-prikope","status":"publish","type":"experience","link":"https:\/\/dspcollective.cz\/en\/experience\/sephora-grand-opening-sephora-flagship-na-prikope\/","title":{"rendered":"Sephora | Grand Opening Sephora Flagship Na P\u0159\u00edkop\u011b"},"content":{"rendered":"","protected":false},"featured_media":1820,"template":"","class_list":["post-553","experience","type-experience","status-publish","has-post-thumbnail","hentry"],"_links":{"self":[{"href":"https:\/\/dspcollective.cz\/en\/wp-json\/wp\/v2\/experience\/553","targetHints":{"allow":["GET"]}}],"collection":[{"href":"https:\/\/dspcollective.cz\/en\/wp-json\/wp\/v2\/experience"}],"about":[{"href":"https:\/\/dspcollective.cz\/en\/wp-json\/wp\/v2\/types\/experience"}],"wp:featuredmedia":[{"embeddable":true,"href":"https:\/\/dspcollective.cz\/en\/wp-json\/wp\/v2\/media\/1820"}],"wp:attachment":[{"href":"https:\/\/dspcollective.cz\/en\/wp-json\/wp\/v2\/media?parent=553"}],"curies":[{"name":"wp","href":"https:\/\/api.w.org\/{rel}","templated":true}]}}

Sephora | Grand Opening Sephora Flagship Na Příkopě
